2 - 11*o + 9. Let j be p(11). Let q(i) be the second derivative of -i**3/3 + 6*i**2 + 65*i - 2. Give q(j).
-6
Let m(o) be the first derivative of 5*o**2/2 + o + 21. Let f be m(-1). Let j(n) = n**3 + 4*n**2 - 3*n - 6. What is j(f)?
6
Let f(g) = -9*g**3 - g. Let q be -4*(-4)/32*-2. Determine f(q).
10
Let g be -10*((-63)/15 - -4). Let i(p) = 3*p**2 - 2*p + 2. Give i(g).
10
Suppose 2*w + 6 = -2*r, -5*w + 5*r - 9 = -2*w. Let q(m) = m - 2 - 5*m + m - m**2. What is q(w)?
-2
Suppose -h - 3 = -2*h. Let t(y) be the second derivative of -y**3/2 + y**2 - 51*y. Give t(h).
-7
Let g(m) = -9*m**2 + m. Let n = -204 - -213. Suppose -13 = -2*b + 4*d + 23, 2*d + 26 = 2*b. Let i = n - b. Calculate g(i).
-8
Let q(o) be the third derivative of 1/8*o**4 + 1/3*o**3 + 0*o + 0 - 1/60*o**5 - 10*o**2. What is q(6)?
-16
Suppose -5*h - 34 = -3*h. Let l = h + 20. Let g(t) = -t**2 + t - 4. Give g(l).
-10
Let x(l) = 2*l - 7. Let m be x(6). Let z(d) = -2 + 2*d + 5 + m*d**3 - 2*d**2 - 2*d**3 - 4*d**3. Suppose j - 2*j = v, 2*v - j + 9 = 0. Calculate z(v).
6
Let v(o) be the third derivative of o**6/120 - o**5/30 + o**4/24 + o**3/6 + o**2. Suppose 3*n = 9, 4*m + n - 6 = 7*m. Let i be (m - -11)*78/260. Determine v(i).
13
Suppose -68 = -q - 3*q. Let c = 19 - q. Let l(k) = 8*k**2 + k + c + 0*k - 1. Give l(-1).
8
Let v(l) = 10*l**3 - 2*l**2 - 2*l - 1. Suppose 5 = 13*w - 18*w. Let i be w/(-3) - 5/((-45)/(-12)). What is v(i)?
-11
Let x(t) be the second derivative of t**4/12 - 2*t**3/3 - 6*t**2 + 25*t - 1. Determine x(6).
0
Suppose 3*n = i + 11, -2 = -3*i + 1. Let z(o) = 3*o**2 - 6*o - 4 - 3*o**2 + n*o**2 - 3*o**2. Give z(6).
-4
Let l(b) = -b - 6. Let t be l(-12). Let n = -10 - -13. Let j(v) = v**n - 6 - 1 + 4*v + 4*v**2 - 3*v - 10*v**2. What is j(t)?
-1
Let p = 32 + -32. Suppose p = a - 5*c + 1 - 31, -a = -2*c - 15. Let f(r) = -r**3 + 4*r**2 + 5*r + 3. Calculate f(a).
3
Let t(u) = 2 + 1 + 0 + u - 1 + 7*u**2. Let f be t(-2). Suppose -2*z - 2 = z - 4*i, -2*z - f = 4*i. Let y(w) = w**2 + 7*w + 9. Determine y(z).
3
Let y = 3 + -4. Let c(u) = -1 - u**2 + 72*u + 82*u - 19*u**3 - 156*u. Calculate c(y).
19
Suppose 0 = h - 5*h. Let m be (h - 2) + 16/4. Let g(z) = -z**3 + 4*z**2 - 3*z + 3. Calculate g(m).
5
Let z(d) = 2*d - 2. Let i be z(2). Let w(c) = 7*c - 5*c + i + 0*c - c**2. What is w(4)?
-6
Let s(t) = 11*t + 1. Let l(x) = x. Let o(h) = -3*l(h) + s(h). Suppose 0 = -3*p + 3*m - 3, 2*m + 3 + 2 = -5*p. Give o(p).
-7
Let g(t) be the first derivative of t**3/3 + 3*t**2/2 + 7*t - 87. What is g(5)?
47
Suppose -c + 0*w = 2*w - 8, 3*w = 4*c + 12. Let t(y) = -5*y**2 - 4 - y + 3 + c*y**3 + y**3. Suppose 15 = 12*h - 9*h. Determine t(h).
-6
Let m(a) = -a**3 - 4*a**2 + 6*a + 10. Let k be m(-5). Let z(s) = 1 - k*s + 3*s - 3 + 1. What is z(-6)?
11
Let m(z) = 6*z**2 + 5*z + 2. Let o(a) be the second derivative of 0 + 3*a - 1/12*a**4 + 0*a**2 + 0*a**3. Let u(d) = m(d) + 5*o(d). Determine u(-5).
2
Suppose 7*f = -f. Suppose f = 4*k - 3*w + 16, 16 = -4*k - 5*w - 0*w. Let y(z) be the second derivative of z**3/3 - z**2 + 2*z. Determine y(k).
-10
Let q(h) be the first derivative of h**3/3 + 3*h**2 + 849. Calculate q(-11).
55
Let b(i) = i - 2. Let x(g) = -g**2 + 2*g + 14. Let c be x(4). Calculate b(c).
4
Let r(n) be the third derivative of 25*n**4/24 - n**3/6 - 5*n**2. Let m(y) = -5*y. Let k(u) = -11*m(u) - 2*r(u). Let w = -258 - -256. Calculate k(w).
-8
Suppose -5*l + 9*l - 8 = 0. Let k be l - (4 + (3 - 2)). Let q(x) be the third derivative of -x**5/30 - x**4/8 + x**3/6 + 2*x**2. What is q(k)?
-8
Let c(y) = -38*y - 12. Let j(q) = -13*q - 4. Let o(w) = -4*c(w) + 11*j(w). What is o(-2)?
-14
Suppose -3*g + 2*g = 2*o + 4, 4*g - 3*o = -16. Let p = g + -4. Let x be 2/p + 10/8. Let m(y) = 2*y**3 + y**2 + y - 1. Calculate m(x).
3
Let u = 35 + -13. Suppose -3*m + u + 2 = 0. Let a(r) = -r + 6. Determine a(m).
-2
Let k(w) = -w**3 + 7*w**2 - 9*w + 3. Let h(o) = -o**3 - o**2 + 3*o - 4. Let q be h(-3). Suppose -6 = -z - 2*g, 4*z = q*g + 14 + 10. Give k(z).
-15
Suppose 258 = 16*w + 162. Suppose u + 4*u = -3*d - 12, -2 = 4*d + 2*u. Let f(c) = 2*c - d - 4*c + 3*c. Determine f(w).
5
Let r(k) = -k**3 + 8*k**2 - 3*k - 2. Suppose -18 + 54 = 6*a. Calculate r(a).
52
Let b(r) = -r**3 + 4*r**2 + 5. Let i be b(4). Let j(v) = v**2 - 5*v + 3. Determine j(i).
3
Let u(a) = 2*a**2 + 23*a + 18. Let y(z) = z**2 + 8*z. Let k(w) = -u(w) + 3*y(w). Give k(0).
-18
Let r(q) = -6*q - 1. Let i be (1 - (4 + -7)) + 13. Suppose 10 = -4*d + 26, -2*d = -5*s + i. Suppose 3 - s = -2*n. Determine r(n).
-7
Let o(i) = -i**3 + 17*i**2. Let z be ((-24)/60)/(4/(-170)). Determine o(z).
0
Let x be (44/(-352) - 2/(-16))/(-1). Let s(w) = -w**3 + w**2 + w - 25. Calculate s(x).
-25
Let d(g) = 7*g**2 - 8*g - 2. Let x(f) = 15*f**2 - 16*f - 5. Let k(o) = -13*d(o) + 6*x(o). What is k(8)?
-4
Let b(s) = -s - 1. Suppose -5*j - 145 = 5*q - 520, 0 = j + 4*q - 72. Let i = j - 77. Calculate b(i).
0
Let s(b) = 1 - 3*b**2 + 2*b**2 + 2 - 4*b. Let c(f) = f**2 + 3*f - 3. Let a be (-84)/(-35)*10/4. Let r(d) = a*s(d) + 7*c(d). Determine r(3).
-3
Let k be (-10)/6 - (-2)/3. Let i = -32 + 34. Let a(l) = -1 - 4*l**3 - i*l + 6*l**3 - 35*l**2 + 33*l**2. Calculate a(k).
-3
Suppose 5 = -3*r - 4*x + 1, r - 3*x + 23 = 0. Let f(s) = -2*s + 3*s + s - s. Calculate f(r).
-8
Let s(i) = -6*i + 4*i - 2*i + 3*i. Let d(z) = z. Let j be d(6). Calculate s(j).
-6
Let m(p) be the second derivative of p**5/60 + 5*p**4/24 + p**3/2 + 7*p**2/2 + 10*p. Let c(y) be the first derivative of m(y). Determine c(-4).
-1
Suppose -5*j - 14 = 2*y - 5, 0 = -3*y - 4*j - 3. Let t(l) be the second derivative of -l - 1/6*l**y - 1/2*l**2 - 1/4*l**4 + 0. Calculate t(-2).
-11
Let k = 1 - 0. Let y(b) = -1410 + 4*b**2 + 1409 - 5*b**2. Calculate y(k).
-2
Let u(s) = -s**3 - 4*s**2 + s - 2. Let d be u(-5). Let l(f) = 6*f - f**2 - 16 + 32 - d. Determine l(5).
3
Let d(n) = n**2 + 7*n + 3. Suppose 23*x + 42 = -119. Give d(x).
3
Let m(j) = 28 - 211*j**2 + 212*j**2 - 7 + 18*j. Determine m(-17).
4
Let y(c) = -c**2 - 6*c - 6. Suppose -15*g + 4 = -14*g. Suppose -g*q = -2*q + 8. Determine y(q).
2
Let l(w) = 3*w - 2. Suppose 3*f + 5*n = -11, -5*n - 19 = -3*f + 10. Determine l(f).
7
Let o(x) = -x - 1. Suppose g = -2*z + 12, -5*g + 58 = z - 29. Suppose 0 = 2*y - 5*s - 23, -5*y - 5*s + 3*s = -14. Suppose -y*k - g = -k. Determine o(k).
5
Suppose -f = -2*f. Let g be (-21)/(-35)*(1 + -6). Let a(y) = y - 11. Let s(j) = -j + 11. Let q(z) = g*s(z) - 4*a(z). Give q(f).
11
Let j = -6 - -3. Let s(v) be the third derivative of -v**6/120 - v**4/24 - 2*v**3/3 - 477*v**2. Calculate s(j).
26
Suppose -f + 4*n = -3*f + 28, -3 = 3*f - 3*n. Suppose 2*t + 2*t + 3*j - f = 0, -5*t - 2*j + 12 = 0. Let u(c) = 3 - 3*c + 2 + t*c. What is u(-4)?
1
Let f(t) = -t - 5. Let i be f(-8). Suppose w + 6 = i*w. Let r(k) = -w + 5*k + 2 - 4*k - 2*k. Determine r(5).
-6
Let p(k) = k - 2. Let q(r) = 3*r - 8. Let c be q(-4). Let w = 16 + c. Determine p(w).
-6
Let t(i) = 2*i + 7. Let y(q) = q + 3. Let c(h) = 6*t(h) - 13*y(h). Suppose 345*v - 330*v - 45 = 0. Determine c(v).
0
Let q(y) = 3*y**2 - 112*y + 44. Let x be q(37). Let u(m) = 1. Let k(n) = -n**2 + 9*n - 14. Let g be (-8)/6*9/2. Let z(f) = g*u(f) - k(f). Give z(x).
-6
Suppose 6*n - 2*n - 3*p + 19 = 0, -5*p = -3*n - 6. Let h(i) = -8*i - 63. Let v(z) = -7*z - 54. Let q(x) = -6*h(x) + 7*v(x). Calculate q(n).
7
Let g(v) be the third derivative of -v**6/40 + v**4/24 + 41*v**2. Determine g(-2).
22
Let i(x) = -6*x**2 - 15*x + 2. Let m(p) = 11*p**2 + 26*p - 4. Let f(l) = -5*i(l) - 3*m(l). Calculate f(2).
-16
Let z(l) = l**3 + 4*l**2 - 5*l - 4. Suppose 0*x - 3*x + 3*j - 228 = 0, x = -j - 70. Let o = 69 + x. What is z(o)?
16
Let h(f) = -8*f + 17. Let k be (3/4*-2)/(53/(-106)). What is h(k)?
-7
Let w = -11 - -11. Let c be (1 - -2) + w + 4. Let q(k) = 0*k**2 + 4*k**2 - 2*k**2 - c*k + 7 - k**2. Give q(6).
1
Suppose -2*g = 2*z - 6, -2*z + 0 - 2 = -2*g. Let y(l) be the first derivative of 4/3*l**3 - 1/4*l**4 + 6 + 2*l - 3/2*l**g. Determine y(4).
-10
Suppose g = -5*g + 30. Let h(r) = -9*r**3 + 10*r**3 + 0*r**3 - g*r**2 - 5. Calculate h(5).
-5
Let q = 62 + -58. Let t(l) = q*l - 2 - 15*l**2 + l**3 + l + 10*l**2. Give t(4).
2
Let j(f) be the third derivative of 1/24*f**4 + 5*f**2 + 0*f + 0 + 5/6*f**3. Let n be j(-10). Let z(s) = -s**3 - 6*s**2 - 5*s + 4.